{"id":29,"date":"2025-10-05T14:46:38","date_gmt":"2025-10-05T14:46:38","guid":{"rendered":"https:\/\/dance-now.eu\/?page_id=29"},"modified":"2026-04-12T14:41:02","modified_gmt":"2026-04-12T12:41:02","slug":"aktuelles","status":"publish","type":"page","link":"https:\/\/dance-now.eu\/index.php\/aktuelles\/","title":{"rendered":"Aktuelles"},"content":{"rendered":"\n<p class=\"has-text-align-left\"><\/p>\n\n\n\n<figure class=\"wp-block-image size-large\"><img loading=\"lazy\" decoding=\"async\" width=\"1024\" height=\"591\" src=\"https:\/\/dance-now.eu\/wp-content\/uploads\/2026\/01\/Facebook_Banner_black_1200-635-1-1024x591.jpg\" alt=\"\" class=\"wp-image-149\" srcset=\"https:\/\/dance-now.eu\/wp-content\/uploads\/2026\/01\/Facebook_Banner_black_1200-635-1-1024x591.jpg 1024w, https:\/\/dance-now.eu\/wp-content\/uploads\/2026\/01\/Facebook_Banner_black_1200-635-1-300x173.jpg 300w, https:\/\/dance-now.eu\/wp-content\/uploads\/2026\/01\/Facebook_Banner_black_1200-635-1-768x444.jpg 768w, https:\/\/dance-now.eu\/wp-content\/uploads\/2026\/01\/Facebook_Banner_black_1200-635-1.jpg 1200w\" sizes=\"auto, (max-width: 1024px) 100vw, 1024px\" \/><\/figure>\n\n\n\n<p class=\"has-text-align-center has-luminous-vivid-amber-color has-text-color has-link-color has-medium-font-size wp-elements-e0186a58535290375b9e3abbeb722956\"><strong><em>DANCE WITH FRIENDS \u2013 DIE echte Party!<\/em><\/strong><\/p>\n\n\n\n<p><\/p>\n\n\n\n<h2 class=\"wp-block-heading has-text-align-center has-vivid-red-color has-text-color has-link-color has-large-font-size wp-elements-e82a17690911c6a4f6e7d43bc2a81a7a\">08.05.2026 <strong>START OPEN AIR Saison 2026<\/strong><\/h2>\n\n\n\n<p><\/p>\n\n\n\n<h2 class=\"wp-block-heading\"><strong><mark style=\"background-color:rgba(0, 0, 0, 0)\" class=\"has-inline-color has-white-color\">Vier Jahrzehnte voller Musik, Emotionen &amp; legend\u00e4rer N\u00e4chte!<\/mark><\/strong><\/h2>\n\n\n\n<p><\/p>\n\n\n<div class=\"wp-block-image\">\n<figure class=\"aligncenter size-full is-resized\"><img loading=\"lazy\" decoding=\"async\" width=\"591\" height=\"828\" src=\"https:\/\/dance-now.eu\/wp-content\/uploads\/2026\/04\/08052026_PartyFlyer_Front_rgb.jpg\" alt=\"\" class=\"wp-image-211\" style=\"width:840px;height:auto\" srcset=\"https:\/\/dance-now.eu\/wp-content\/uploads\/2026\/04\/08052026_PartyFlyer_Front_rgb.jpg 591w, https:\/\/dance-now.eu\/wp-content\/uploads\/2026\/04\/08052026_PartyFlyer_Front_rgb-214x300.jpg 214w\" sizes=\"auto, (max-width: 591px) 100vw, 591px\" \/><\/figure>\n<\/div>\n\n\n<p class=\"has-text-align-center has-vivid-red-color has-text-color has-link-color wp-elements-47cefa8e17c341f6ba41fead57f7a2de\"><strong><em>EURE MUSIK ZUM TANZEN BIS DER ARZT KOMMT<\/em><\/strong><\/p>\n\n\n\n<p class=\"has-text-align-center has-luminous-vivid-amber-color has-text-color has-link-color wp-elements-11c2d39bb6809b56c61da2ec7c5f696e\">Zum Einstieg in den Abend k\u00f6nnt ihr Pl\u00e4tze im \u00e1 la Carte Restaurant ab 18 Uhr im Innen- oder Au\u00dfenbereich buchen&nbsp;<\/p>\n\n\n\n<p class=\"has-text-align-center has-luminous-vivid-amber-color has-text-color has-link-color wp-elements-04e583ed7f866a969fccafe04e2572ae\"><\/p>\n\n\n\n<p class=\"has-text-align-center has-luminous-vivid-amber-color has-text-color has-link-color wp-elements-30d923e91b5945078fd761d302b2de63\">Die Party startet dann um 19 Uhr mit einem Unkostenbeitrag von 10 \u20ac<\/p>\n\n\n\n<p class=\"has-text-align-center has-luminous-vivid-amber-color has-text-color has-link-color wp-elements-26e56a71cc03ddd697878195e5462a46\"><strong>\u2022 reserviert im voraus, denn wir haben nur <em>begrenzte<\/em> Pl\u00e4tze! \u2022<\/strong><\/p>\n\n\n\n<p class=\"has-text-align-center\">***************************************************************************************************************<\/p>\n\n\n\n<h2 class=\"wp-block-heading has-text-align-center has-luminous-vivid-amber-color has-text-color has-link-color has-medium-font-size wp-elements-543e94ceefeb156682ba0d9b051c5477\"><mark style=\"background-color:rgba(0, 0, 0, 0)\" class=\"has-inline-color has-vivid-red-color\"><strong><em>WIR SEHEN UNS AM FREITAG 08.05.2026<\/em><\/strong><\/mark> &#8211; OPEN AIR<\/h2>\n\n\n\n<p class=\"has-text-align-center\">***************************************************************************************************************<\/p>\n\n\n\n<p class=\"has-text-align-center has-luminous-vivid-amber-color has-text-color has-link-color has-medium-font-size wp-elements-7e0fe0e1ef78c3124cd95510fd172c47\"><br><strong>18:00 Uhr Dinner &amp; Drinks<\/strong><br><strong><em>19:00 Uhr Start der Party im O U T D O O R !!!!!<\/em><\/strong><\/p>\n\n\n\n<p class=\"has-text-align-center has-luminous-vivid-amber-color has-text-color has-link-color wp-elements-f5a04ffb02946b72d325ce98b3fd2cc8\">Reserviere jetzt deinen Tisch unter 09337-996899 oder per Mail an kontakt@brueckenbaron.com<\/p>\n\n\n\n<p class=\"has-text-align-center has-luminous-vivid-amber-color has-text-color has-link-color wp-elements-e3f21d714c1ceee9e42b43e528b4f0b2\"><strong><em>Tickets nur an der Abendkasse erh\u00e4ltlich!<\/em><\/strong><\/p>\n\n\n\n<p class=\"has-text-align-center has-white-color has-text-color has-link-color has-medium-font-size wp-elements-32ffbc628ab1213fea8d722ab38e2902\">Alltag AUS! MUSIK AN! &#8230;die Tanzfl\u00e4che ruft&#8230;PARTY NONSTOP!<br>____________________________________________________<br><a href=\"https:\/\/www.facebook.com\/hashtag\/br%C3%BCckenbaron?__cft__[0]=AZVW16ZC50sVuiNSnEA-SIU2VOxp9hSHC9RCIcXB9xWqdt-5unFTtVd0yBwC6yZDZCKYw9_iMj1IQEtB-3sqMujuNdZ0hPepR8vbuJYfBFOQww&amp;__tn__=q\">#br\u00fcckenbaron<\/a>&nbsp;<a href=\"https:\/\/www.facebook.com\/hashtag\/brueckenbaron?__cft__[0]=AZVW16ZC50sVuiNSnEA-SIU2VOxp9hSHC9RCIcXB9xWqdt-5unFTtVd0yBwC6yZDZCKYw9_iMj1IQEtB-3sqMujuNdZ0hPepR8vbuJYfBFOQww&amp;__tn__=q\">#brueckenbaron<\/a>&nbsp;<a href=\"https:\/\/www.facebook.com\/hashtag\/br%C3%BCckenbaronbolzhausen?__cft__[0]=AZVW16ZC50sVuiNSnEA-SIU2VOxp9hSHC9RCIcXB9xWqdt-5unFTtVd0yBwC6yZDZCKYw9_iMj1IQEtB-3sqMujuNdZ0hPepR8vbuJYfBFOQww&amp;__tn__=q\">#br\u00fcckenbaronbolzhausen<\/a>&nbsp;<a href=\"https:\/\/www.facebook.com\/hashtag\/br%C3%BCckenbaronfeiert?__cft__[0]=AZVW16ZC50sVuiNSnEA-SIU2VOxp9hSHC9RCIcXB9xWqdt-5unFTtVd0yBwC6yZDZCKYw9_iMj1IQEtB-3sqMujuNdZ0hPepR8vbuJYfBFOQww&amp;__tn__=q\">#br\u00fcckenbaronfeiert<\/a>&nbsp;<a href=\"https:\/\/www.facebook.com\/hashtag\/party?__cft__[0]=AZVW16ZC50sVuiNSnEA-SIU2VOxp9hSHC9RCIcXB9xWqdt-5unFTtVd0yBwC6yZDZCKYw9_iMj1IQEtB-3sqMujuNdZ0hPepR8vbuJYfBFOQww&amp;__tn__=q\">#party<\/a>&nbsp;<\/p>\n\n\n\n<p class=\"has-text-align-center has-luminous-vivid-amber-color has-text-color has-link-color wp-elements-49e2006c75aa97003ed95d38f0820d39\"><strong><a href=\"https:\/\/www.facebook.com\/hashtag\/80er?__cft__[0]=AZVW16ZC50sVuiNSnEA-SIU2VOxp9hSHC9RCIcXB9xWqdt-5unFTtVd0yBwC6yZDZCKYw9_iMj1IQEtB-3sqMujuNdZ0hPepR8vbuJYfBFOQww&amp;__tn__=q\">#80er<\/a>&nbsp;<a href=\"https:\/\/www.facebook.com\/hashtag\/90er?__cft__[0]=AZVW16ZC50sVuiNSnEA-SIU2VOxp9hSHC9RCIcXB9xWqdt-5unFTtVd0yBwC6yZDZCKYw9_iMj1IQEtB-3sqMujuNdZ0hPepR8vbuJYfBFOQww&amp;__tn__=q\">#90er<\/a>&nbsp;<a href=\"https:\/\/www.facebook.com\/hashtag\/2000er?__cft__[0]=AZVW16ZC50sVuiNSnEA-SIU2VOxp9hSHC9RCIcXB9xWqdt-5unFTtVd0yBwC6yZDZCKYw9_iMj1IQEtB-3sqMujuNdZ0hPepR8vbuJYfBFOQww&amp;__tn__=q\">#2000er<\/a>&nbsp;<a href=\"https:\/\/www.facebook.com\/groups\/853322167238792\">#dancewithfriends<\/a>&nbsp;<a href=\"https:\/\/www.facebook.com\/hashtag\/distelh%C3%A4user?__cft__[0]=AZVW16ZC50sVuiNSnEA-SIU2VOxp9hSHC9RCIcXB9xWqdt-5unFTtVd0yBwC6yZDZCKYw9_iMj1IQEtB-3sqMujuNdZ0hPepR8vbuJYfBFOQww&amp;__tn__=q\">#distelh\u00e4user<\/a>&nbsp;<a href=\"https:\/\/www.facebook.com\/hashtag\/auszeit?__cft__[0]=AZVW16ZC50sVuiNSnEA-SIU2VOxp9hSHC9RCIcXB9xWqdt-5unFTtVd0yBwC6yZDZCKYw9_iMj1IQEtB-3sqMujuNdZ0hPepR8vbuJYfBFOQww&amp;__tn__=q\">#auszeit<\/a>&nbsp;<a href=\"https:\/\/www.facebook.com\/hashtag\/dance?__cft__[0]=AZVW16ZC50sVuiNSnEA-SIU2VOxp9hSHC9RCIcXB9xWqdt-5unFTtVd0yBwC6yZDZCKYw9_iMj1IQEtB-3sqMujuNdZ0hPepR8vbuJYfBFOQww&amp;__tn__=q\">#dance<\/a><br><a href=\"https:\/\/www.facebook.com\/saschakai.hildmann\">#littlefrog<\/a> #Musicislife #Partynight<\/strong> <a href=\"https:\/\/www.facebook.com\/tbvisionsfotografie\">#tbvision<\/a>s<\/p>\n\n\n\n<p><\/p>\n","protected":false},"excerpt":{"rendered":"<p>DANCE WITH FRIENDS \u2013 DIE echte Party! 08.05.2026 START OPEN AIR Saison 2026 Vier Jahrzehnte voller Musik, Emotionen &amp; legend\u00e4rer N\u00e4chte! EURE MUSIK ZUM TANZEN BIS DER ARZT KOMMT Zum Einstieg in den Abend k\u00f6nnt ihr Pl\u00e4tze im \u00e1 la Carte Restaurant ab 18 Uhr im Innen- oder Au\u00dfenbereich buchen&nbsp; <a class=\"read-more\" href=\"https:\/\/dance-now.eu\/index.php\/aktuelles\/\">Weiterlesen<\/a><\/p>\n","protected":false},"author":1,"featured_media":0,"parent":0,"menu_order":0,"comment_status":"closed","ping_status":"closed","template":"","meta":{"footnotes":""},"class_list":["post-29","page","type-page","status-publish","hentry"],"_links":{"self":[{"href":"https:\/\/dance-now.eu\/index.php\/wp-json\/wp\/v2\/pages\/29","targetHints":{"allow":["GET"]}}],"collection":[{"href":"https:\/\/dance-now.eu\/index.php\/wp-json\/wp\/v2\/pages"}],"about":[{"href":"https:\/\/dance-now.eu\/index.php\/wp-json\/wp\/v2\/types\/page"}],"author":[{"embeddable":true,"href":"https:\/\/dance-now.eu\/index.php\/wp-json\/wp\/v2\/users\/1"}],"replies":[{"embeddable":true,"href":"https:\/\/dance-now.eu\/index.php\/wp-json\/wp\/v2\/comments?post=29"}],"version-history":[{"count":54,"href":"https:\/\/dance-now.eu\/index.php\/wp-json\/wp\/v2\/pages\/29\/revisions"}],"predecessor-version":[{"id":215,"href":"https:\/\/dance-now.eu\/index.php\/wp-json\/wp\/v2\/pages\/29\/revisions\/215"}],"wp:attachment":[{"href":"https:\/\/dance-now.eu\/index.php\/wp-json\/wp\/v2\/media?parent=29"}],"curies":[{"name":"wp","href":"https:\/\/api.w.org\/{rel}","templated":true}]}}

<p class="has-text-align-left"></p>



<figure class="wp-block-image size-large"><img loading="lazy" decoding="async" width="1024" height="591" src="https://dance-now.eu/wp-content/uploads/2026/01/Facebook_Banner_black_1200-635-1-1024x591.jpg" alt="" class="wp-image-149" srcset="https://dance-now.eu/wp-content/uploads/2026/01/Facebook_Banner_black_1200-635-1-1024x591.jpg 1024w, https://dance-now.eu/wp-content/uploads/2026/01/Facebook_Banner_black_1200-635-1-300x173.jpg 300w, https://dance-now.eu/wp-content/uploads/2026/01/Facebook_Banner_black_1200-635-1-768x444.jpg 768w, https://dance-now.eu/wp-content/uploads/2026/01/Facebook_Banner_black_1200-635-1.jpg 1200w" sizes="auto, (max-width: 1024px) 100vw, 1024px" /></figure>



<p class="has-text-align-center has-luminous-vivid-amber-color has-text-color has-link-color has-medium-font-size wp-elements-e0186a58535290375b9e3abbeb722956"><strong><em>DANCE WITH FRIENDS – DIE echte Party!</em></strong></p>



<p></p>



<h2 class="wp-block-heading has-text-align-center has-vivid-red-color has-text-color has-link-color has-large-font-size wp-elements-e82a17690911c6a4f6e7d43bc2a81a7a">08.05.2026 <strong>START OPEN AIR Saison 2026</strong></h2>



<p></p>



<h2 class="wp-block-heading"><strong><mark style="background-color:rgba(0, 0, 0, 0)" class="has-inline-color has-white-color">Vier Jahrzehnte voller Musik, Emotionen &amp; legendärer Nächte!</mark></strong></h2>



<p></p>


<div class="wp-block-image">
<figure class="aligncenter size-full is-resized"><img loading="lazy" decoding="async" width="591" height="828" src="https://dance-now.eu/wp-content/uploads/2026/04/08052026_PartyFlyer_Front_rgb.jpg" alt="" class="wp-image-211" style="width:840px;height:auto" srcset="https://dance-now.eu/wp-content/uploads/2026/04/08052026_PartyFlyer_Front_rgb.jpg 591w, https://dance-now.eu/wp-content/uploads/2026/04/08052026_PartyFlyer_Front_rgb-214x300.jpg 214w" sizes="auto, (max-width: 591px) 100vw, 591px" /></figure>
</div>


<p class="has-text-align-center has-vivid-red-color has-text-color has-link-color wp-elements-47cefa8e17c341f6ba41fead57f7a2de"><strong><em>EURE MUSIK ZUM TANZEN BIS DER ARZT KOMMT</em></strong></p>



<p class="has-text-align-center has-luminous-vivid-amber-color has-text-color has-link-color wp-elements-11c2d39bb6809b56c61da2ec7c5f696e">Zum Einstieg in den Abend könnt ihr Plätze im á la Carte Restaurant ab 18 Uhr im Innen- oder Außenbereich buchen&nbsp;</p>



<p class="has-text-align-center has-luminous-vivid-amber-color has-text-color has-link-color wp-elements-04e583ed7f866a969fccafe04e2572ae"></p>



<p class="has-text-align-center has-luminous-vivid-amber-color has-text-color has-link-color wp-elements-30d923e91b5945078fd761d302b2de63">Die Party startet dann um 19 Uhr mit einem Unkostenbeitrag von 10 €</p>



<p class="has-text-align-center has-luminous-vivid-amber-color has-text-color has-link-color wp-elements-26e56a71cc03ddd697878195e5462a46"><strong>• reserviert im voraus, denn wir haben nur <em>begrenzte</em> Plätze! •</strong></p>



<p class="has-text-align-center">***************************************************************************************************************</p>



<h2 class="wp-block-heading has-text-align-center has-luminous-vivid-amber-color has-text-color has-link-color has-medium-font-size wp-elements-543e94ceefeb156682ba0d9b051c5477"><mark style="background-color:rgba(0, 0, 0, 0)" class="has-inline-color has-vivid-red-color"><strong><em>WIR SEHEN UNS AM FREITAG 08.05.2026</em></strong></mark> &#8211; OPEN AIR</h2>



<p class="has-text-align-center">***************************************************************************************************************</p>



<p class="has-text-align-center has-luminous-vivid-amber-color has-text-color has-link-color has-medium-font-size wp-elements-7e0fe0e1ef78c3124cd95510fd172c47"><br><strong>18:00 Uhr Dinner &amp; Drinks</strong><br><strong><em>19:00 Uhr Start der Party im O U T D O O R !!!!!</em></strong></p>



<p class="has-text-align-center has-luminous-vivid-amber-color has-text-color has-link-color wp-elements-f5a04ffb02946b72d325ce98b3fd2cc8">Reserviere jetzt deinen Tisch unter 09337-996899 oder per Mail an kontakt@brueckenbaron.com</p>



<p class="has-text-align-center has-luminous-vivid-amber-color has-text-color has-link-color wp-elements-e3f21d714c1ceee9e42b43e528b4f0b2"><strong><em>Tickets nur an der Abendkasse erhältlich!</em></strong></p>



<p class="has-text-align-center has-white-color has-text-color has-link-color has-medium-font-size wp-elements-32ffbc628ab1213fea8d722ab38e2902">Alltag AUS! MUSIK AN! &#8230;die Tanzfläche ruft&#8230;PARTY NONSTOP!<br>____________________________________________________<br><a href="https://www.facebook.com/hashtag/br%C3%BCckenbaron?__cft__[0]=AZVW16ZC50sVuiNSnEA-SIU2VOxp9hSHC9RCIcXB9xWqdt-5unFTtVd0yBwC6yZDZCKYw9_iMj1IQEtB-3sqMujuNdZ0hPepR8vbuJYfBFOQww&amp;__tn__=q">#brückenbaron</a>&nbsp;<a href="https://www.facebook.com/hashtag/brueckenbaron?__cft__[0]=AZVW16ZC50sVuiNSnEA-SIU2VOxp9hSHC9RCIcXB9xWqdt-5unFTtVd0yBwC6yZDZCKYw9_iMj1IQEtB-3sqMujuNdZ0hPepR8vbuJYfBFOQww&amp;__tn__=q">#brueckenbaron</a>&nbsp;<a href="https://www.facebook.com/hashtag/br%C3%BCckenbaronbolzhausen?__cft__[0]=AZVW16ZC50sVuiNSnEA-SIU2VOxp9hSHC9RCIcXB9xWqdt-5unFTtVd0yBwC6yZDZCKYw9_iMj1IQEtB-3sqMujuNdZ0hPepR8vbuJYfBFOQww&amp;__tn__=q">#brückenbaronbolzhausen</a>&nbsp;<a href="https://www.facebook.com/hashtag/br%C3%BCckenbaronfeiert?__cft__[0]=AZVW16ZC50sVuiNSnEA-SIU2VOxp9hSHC9RCIcXB9xWqdt-5unFTtVd0yBwC6yZDZCKYw9_iMj1IQEtB-3sqMujuNdZ0hPepR8vbuJYfBFOQww&amp;__tn__=q">#brückenbaronfeiert</a>&nbsp;<a href="https://www.facebook.com/hashtag/party?__cft__[0]=AZVW16ZC50sVuiNSnEA-SIU2VOxp9hSHC9RCIcXB9xWqdt-5unFTtVd0yBwC6yZDZCKYw9_iMj1IQEtB-3sqMujuNdZ0hPepR8vbuJYfBFOQww&amp;__tn__=q">#party</a>&nbsp;</p>



<p class="has-text-align-center has-luminous-vivid-amber-color has-text-color has-link-color wp-elements-49e2006c75aa97003ed95d38f0820d39"><strong><a href="https://www.facebook.com/hashtag/80er?__cft__[0]=AZVW16ZC50sVuiNSnEA-SIU2VOxp9hSHC9RCIcXB9xWqdt-5unFTtVd0yBwC6yZDZCKYw9_iMj1IQEtB-3sqMujuNdZ0hPepR8vbuJYfBFOQww&amp;__tn__=q">#80er</a>&nbsp;<a href="https://www.facebook.com/hashtag/90er?__cft__[0]=AZVW16ZC50sVuiNSnEA-SIU2VOxp9hSHC9RCIcXB9xWqdt-5unFTtVd0yBwC6yZDZCKYw9_iMj1IQEtB-3sqMujuNdZ0hPepR8vbuJYfBFOQww&amp;__tn__=q">#90er</a>&nbsp;<a href="https://www.facebook.com/hashtag/2000er?__cft__[0]=AZVW16ZC50sVuiNSnEA-SIU2VOxp9hSHC9RCIcXB9xWqdt-5unFTtVd0yBwC6yZDZCKYw9_iMj1IQEtB-3sqMujuNdZ0hPepR8vbuJYfBFOQww&amp;__tn__=q">#2000er</a>&nbsp;<a href="https://www.facebook.com/groups/853322167238792">#dancewithfriends</a>&nbsp;<a href="https://www.facebook.com/hashtag/distelh%C3%A4user?__cft__[0]=AZVW16ZC50sVuiNSnEA-SIU2VOxp9hSHC9RCIcXB9xWqdt-5unFTtVd0yBwC6yZDZCKYw9_iMj1IQEtB-3sqMujuNdZ0hPepR8vbuJYfBFOQww&amp;__tn__=q">#distelhäuser</a>&nbsp;<a href="https://www.facebook.com/hashtag/auszeit?__cft__[0]=AZVW16ZC50sVuiNSnEA-SIU2VOxp9hSHC9RCIcXB9xWqdt-5unFTtVd0yBwC6yZDZCKYw9_iMj1IQEtB-3sqMujuNdZ0hPepR8vbuJYfBFOQww&amp;__tn__=q">#auszeit</a>&nbsp;<a href="https://www.facebook.com/hashtag/dance?__cft__[0]=AZVW16ZC50sVuiNSnEA-SIU2VOxp9hSHC9RCIcXB9xWqdt-5unFTtVd0yBwC6yZDZCKYw9_iMj1IQEtB-3sqMujuNdZ0hPepR8vbuJYfBFOQww&amp;__tn__=q">#dance</a><br><a href="https://www.facebook.com/saschakai.hildmann">#littlefrog</a> #Musicislife #Partynight</strong> <a href="https://www.facebook.com/tbvisionsfotografie">#tbvision</a>s</p>



<p></p>

<p>DANCE WITH FRIENDS – DIE echte Party! 08.05.2026 START OPEN AIR Saison 2026 Vier Jahrzehnte voller Musik, Emotionen &amp; legendärer Nächte! EURE MUSIK ZUM TANZEN BIS DER ARZT KOMMT Zum Einstieg in den Abend könnt ihr Plätze im á la Carte Restaurant ab 18 Uhr im Innen- oder Außenbereich buchen&nbsp; <a class="read-more" href="https://dance-now.eu/index.php/aktuelles/">Weiterlesen</a></p>
